{"id":1520,"date":"2021-03-23T15:19:24","date_gmt":"2021-03-23T15:19:24","guid":{"rendered":"http:\/\/www.lipaconsultancy.com\/newsite\/?page_id=1520"},"modified":"2021-06-13T20:08:25","modified_gmt":"2021-06-13T20:08:25","slug":"hakkimizda","status":"publish","type":"page","link":"http:\/\/kaanhurelli.com\/lipanew\/hakkimizda\/","title":{"rendered":"HAKKIMIZDA"},"content":{"rendered":"<p>[vc_row][vc_column][vc_empty_space height=&#8221;20px&#8221;][vc_custom_heading text=&#8221;Yerel ve Uluslararas\u0131 Kurumlar ve \u0130\u015fletmelere \u00c7\u00f6z\u00fcmler Sunan Bir<br \/>\nDan\u0131\u015fmanl\u0131k ve Ara\u015ft\u0131rma \u015eirketiyiz.&#8221; font_container=&#8221;tag:h2|text_align:center&#8221; google_fonts=&#8221;font_family:Archivo%20Black%3Aregular|font_style:400%20regular%3A400%3Anormal&#8221;][vc_empty_space height=&#8221;20px&#8221;][\/vc_column][\/vc_row][vc_row][vc_column width=&#8221;1\/2&#8243;][vc_column_text]Uzman kadrosu ve geni\u015f hizmet a\u011f\u0131 ile ba\u015fta K\u0131br\u0131s ve T\u00fcrkiye olmak \u00fczere d\u00fcnyan\u0131n bir\u00e7ok \u00fclkesindeki m\u00fc\u015fterilerine ara\u015ft\u0131rma ve y\u00f6netim dan\u0131\u015fmanl\u0131\u011f\u0131 alanlar\u0131nda destek sa\u011flamaktad\u0131r. M\u00fc\u015fterilerimiz uluslararas\u0131 standartlarda, kaliteli ve onlara \u00f6zel tasarlanm\u0131\u015f \u00e7\u00f6z\u00fcmlerimiz ve y\u00fcksek kalitede veri sa\u011flama kapasitemizden faydalanmaktad\u0131r. Sa\u011flad\u0131\u011f\u0131m\u0131z hizmetler m\u00fc\u015fterilerimizin ihtiya\u00e7 duyduklar\u0131 bilgilere daha h\u0131zl\u0131 ula\u015fmalar\u0131na, daha g\u00fcvenli kararlar almalar\u0131na ve de\u011fi\u015fen d\u00fcnyadaki f\u0131rsatlar\u0131 yakalamalar\u0131na yard\u0131mc\u0131 olmaktad\u0131r.<\/p>\n<p>Lipa Consultancy bunu yaparken sekt\u00f6rdeki en iyi uygulamalar, teknoloji ve know-how&#8217;\u0131 kullanmakta ve hizmetlerimizde g\u00fcven, basitlik, h\u0131z ve m\u00fc\u015fteri ihtiyac\u0131 odakl\u0131l\u0131\u011f\u0131 prensiplerini dikkate almaktay\u0131z.[\/vc_column_text][\/vc_column][vc_column width=&#8221;1\/2&#8243;][vc_single_image image=&#8221;1915&#8243; img_size=&#8221;full&#8221;][\/vc_column][\/vc_row][vc_section full_width=&#8221;stretch_row&#8221; css=&#8221;.vc_custom_1481466023488{margin-bottom: -40px !important;padding-top: 0px !important;}&#8221;][vc_row full_width=&#8221;stretch_row&#8221; content_placement=&#8221;middle&#8221; css=&#8221;.vc_custom_1622972045656{margin-bottom: 0px !important;padding-top: 20px !important;padding-bottom: 20px !important;background: #942b26 url(http:\/\/dummy.xtemos.com\/basel\/vers\/wp-content\/uploads\/sites\/3\/2017\/01\/info-call-1.png?id=602) !important;background-position: 0 0 !important;background-repeat: no-repeat !important;}&#8221;][vc_column width=&#8221;5\/6&#8243; basel_color_scheme=&#8221;light&#8221; css=&#8221;.vc_custom_1481460303734{padding-top: 20px !important;padding-bottom: 20px !important;}&#8221;][vc_column_text css=&#8221;.vc_custom_1619644616891{margin-bottom: 0px !important;}&#8221;]<\/p>\n<p style=\"font-size: 37px; font-weight: 300; color: white; margin-bottom: 0px; line-height: 45px;\">T\u00fcm sorular\u0131n\u0131z i\u00e7in bize ula\u015f\u0131n.<\/p>\n<p style=\"font-size: 30px;\"><strong>+90 533 885 8101 \/ +90 392 228 0810<\/strong><\/p>\n<p>[\/vc_column_text][\/vc_column][vc_column width=&#8221;1\/6&#8243; css=&#8221;.vc_custom_1481367707658{padding-top: 0px !important;}&#8221;][vc_btn title=&#8221;<strong>\u0130LET\u0130\u015e\u0130M<\/strong>&#8221; style=&#8221;custom&#8221; custom_background=&#8221;#ffffff&#8221; custom_text=&#8221;#942b26&#8243; shape=&#8221;square&#8221; size=&#8221;lg&#8221; align=&#8221;center&#8221; css=&#8221;.vc_custom_1622972765604{margin-bottom: 0px !important;}&#8221; link=&#8221;url:http%3A%2F%2Fkaanhurelli.com%2Flipanew%2Filetisim%2F|title:%C4%B0LET%C4%B0%C5%9E%C4%B0M&#8221;][\/vc_column][\/vc_row][\/vc_section]<\/p>\n","protected":false},"excerpt":{"rendered":"<p>[vc_row][vc_column][vc_empty_space height=&#8221;20px&#8221;][vc_custom_heading text=&#8221;Yerel ve Uluslararas\u0131 Kurumlar ve \u0130\u015fletmelere \u00c7\u00f6z\u00fcmler Sunan Bir Dan\u0131\u015fmanl\u0131k ve Ara\u015ft\u0131rma \u015eirketiyiz.&#8221; font_container=&#8221;tag:h2|text_align:center&#8221; google_fonts=&#8221;font_family:Archivo%20Black%3Aregular|font_style:400%20regular%3A400%3Anormal&#8221;][vc_empty_space height=&#8221;20px&#8221;][\/vc_column][\/vc_row][vc_row][vc_column width=&#8221;1\/2&#8243;][vc_column_text]Uzman kadrosu<\/p>\n","protected":false},"author":1,"featured_media":0,"parent":0,"menu_order":0,"comment_status":"closed","ping_status":"closed","template":"","meta":{"footnotes":""},"class_list":["post-1520","page","type-page","status-publish","hentry"],"_links":{"self":[{"href":"http:\/\/kaanhurelli.com\/lipanew\/wp-json\/wp\/v2\/pages\/1520","targetHints":{"allow":["GET"]}}],"collection":[{"href":"http:\/\/kaanhurelli.com\/lipanew\/wp-json\/wp\/v2\/pages"}],"about":[{"href":"http:\/\/kaanhurelli.com\/lipanew\/wp-json\/wp\/v2\/types\/page"}],"author":[{"embeddable":true,"href":"http:\/\/kaanhurelli.com\/lipanew\/wp-json\/wp\/v2\/users\/1"}],"replies":[{"embeddable":true,"href":"http:\/\/kaanhurelli.com\/lipanew\/wp-json\/wp\/v2\/comments?post=1520"}],"version-history":[{"count":21,"href":"http:\/\/kaanhurelli.com\/lipanew\/wp-json\/wp\/v2\/pages\/1520\/revisions"}],"predecessor-version":[{"id":2045,"href":"http:\/\/kaanhurelli.com\/lipanew\/wp-json\/wp\/v2\/pages\/1520\/revisions\/2045"}],"wp:attachment":[{"href":"http:\/\/kaanhurelli.com\/lipanew\/wp-json\/wp\/v2\/media?parent=1520"}],"curies":[{"name":"wp","href":"https:\/\/api.w.org\/{rel}","templated":true}]}}